17 a prime number?
True
Is 1952381 composite?
False
Is 20067 composite?
True
Is 1551269 prime?
True
Is 1948907 prime?
True
Is 67377677 a composite number?
False
Is 1487867 prime?
True
Is 21288811 a prime number?
False
Is 1255963 a composite number?
False
Is 328777 composite?
False
Is 75672197 a composite number?
False
Is 708931 composite?
True
Is 5672449 composite?
False
Is 125763641 composite?
True
Is 1466749 prime?
False
Is 298818193 a prime number?
True
Is 43702493 prime?
False
Is 5094647 composite?
False
Is 499777 composite?
True
Is 5124477 composite?
True
Is 1697063 a composite number?
False
Is 2761021931 a composite number?
False
Is 37540351 a composite number?
False
Is 557657 a prime number?
False
Is 17347901 a prime number?
True
Is 218086301 a composite number?
True
Is 763391 a prime number?
True
Is 2063473 a prime number?
False
Is 106761049 a prime number?
True
Is 2123381 a prime number?
False
Is 423974443 a prime number?
True
Is 64130579 a composite number?
True
Is 5160031 composite?
True
Is 218313437 composite?
True
Is 2056134433 composite?
False
Is 763489 a composite number?
True
Is 2815669 a prime number?
True
Is 13885849 a composite number?
False
Is 17294033 a composite number?
True
Is 127762741 a composite number?
True
Is 22115399 a prime number?
False
Is 48883907 a composite number?
True
Is 350184671 composite?
False
Is 87297803 a composite number?
False
Is 232795853 a prime number?
True
Is 7214023 a composite number?
False
Is 26550037 prime?
True
Is 38449519 composite?
False
Is 109887577 a composite number?
False
Is 1147623 prime?
False
Is 133303523 a prime number?
True
Is 158947441 composite?
False
Is 1851167 a composite number?
True
Is 28510645 prime?
False
Is 60602215 composite?
True
Is 3935219 prime?
True
Is 221879345 a prime number?
False
Is 408667771 prime?
True
Is 2393903 prime?
False
Is 3228829 a composite number?
False
Is 101182789 a prime number?
False
Is 10239961 a composite number?
True
Is 15165083 a composite number?
False
Is 185602091 composite?
False
Is 29356681 a prime number?
True
Is 602851 a composite number?
True
Is 5448271 a composite number?
True
Is 1158923 a composite number?
False
Is 423751073 prime?
False
Is 42576991 a prime number?
True
Is 15218423 composite?
True
Is 9288541 composite?
True
Is 158115101 a composite number?
False
Is 3556043 prime?
False
Is 256068817 composite?
True
Is 196769 composite?
False
Is 9520571 a composite number?
False
Is 4450573 a prime number?
True
Is 712494551 a prime number?
True
Is 26402163 composite?
True
Is 2957107 composite?
False
Is 1187947765 a composite number?
True
Is 722642 prime?
False
Is 853001 prime?
False
Is 220291 prime?
True
Is 1305203 prime?
False
Is 4280873 a composite number?
False
Is 1556909 a prime number?
True
Is 9728843 prime?
True
Is 211956839 a composite number?
True
Is 24689947 a prime number?
True
Is 1435711 composite?
True
Is 3382493 a composite number?
False
Is 42477199 a composite number?
True
Is 89694077 composite?
True
Is 351244277 composite?
False
Is 15509513 a prime number?
False
Is 34704911 a composite number?
False
Is 29041277 a prime number?
True
Is 2817021 a composite number?
True
Is 5689933 composite?
False
Is 3876221 a prime number?
False
Is 10256971 prime?
False
Is 33267149 prime?
True
Is 37900427 a composite number?
False
Is 444000187 a composite number?
True
Is 341289593 a prime number?
True
Is 3087599 a prime number?
True
Is 40567213 a composite number?
False
Is 11813707 a prime number?
True
Is 15851317 a prime number?
True
Is 1769639 a composite number?
False
Is 15317087 prime?
True
Is 4026751 a composite number?
False
Is 734464049 prime?
False
Is 20540161 composite?
False
Is 1074019 a prime number?
False
Is 732323 prime?
True
Is 53674051 a prime number?
False
Is 16097563 a composite number?
False
Is 6922423 a prime number?
False
Is 839771 a prime number?
True
Is 73643 a prime number?
True
Is 61319743 prime?
True
Is 2435567 a composite number?
False
Is 1247101 a composite number?
False
Is 12758191 prime?
True
Is 26179339 a composite number?
False
Is 19471211 a prime number?
False
Is 93411547 a prime number?
True
Is 89888621 prime?
True
Is 158561303 prime?
False
Is 58039291 prime?
False
Is 284165909 prime?
False
Is 17245541 a composite number?
False
Is 115315927 prime?
False
Is 98333315 composite?
True
Is 180399431 composite?
False
Is 687623 a prime number?
True
Is 313212115 a prime number?
False
Is 4763782 composite?
True
Is 172553803 a prime number?
False
Is 93119155 composite?
True
Is 1184569 a composite number?
True
Is 14419277 a prime number?
True
Is 24506819 a composite number?
False
Is 65521601 a composite number?
False
Is 9642461 prime?
True
Is 2532469 composite?
True
Is 37618573 a prime number?
True
Is 207033 prime?
False
Is 19129571 a prime number?
False
Is 183409 a composite number?
True
Is 419090753 prime?
True
Is 2802833 composite?
True
Is 906461 a prime number?
True
Is 19881541 composite?
False
Is 74579093 prime?
True
Is 2616413 a composite number?
True
Is 17862149 composite?
False
Is 13914871 composite?
True
Is 14003881 a prime number?
True
Is 455540917 a composite number?
True
Is 225059433 prime?
False
Is 6892727 a prime number?
True
Is 261675697 a composite number?
False
Is 466121 a composite number?
False
Is 1029827 a composite number?
False
Is 1256279 prime?
True
Is 19062341 a composite number?
False
Is 227181029 composite?
True
Is 388208693 prime?
True
Is 812731037 composite?
False
Is 2917831 composite?
True
Is 23165063 a composite number?
False
Is 684767 prime?
True
Is 1643113 a prime number?
False
Is 219239113 composite?
False
Is 2577083 prime?
True
Is 48558197 a composite number?
False
Is 5352643 composite?
False
Is 31074941 composite?
False
Is 6850183 a composite number?
False
Is 41339281 a prime number?
False
Is 92108369 composite?
False
Is 8213951 composite?
False
Is 91549291 prime?
False
Is 834047 a composite number?
True
Is 1367231 prime?
True
Is 1112171 a prime number?
True
Is 2398661 a prime number?
True
Is 2607481 prime?
True
Is 77539751 a composite number?
False
Is 454709 composite?
False
Is 118556947 prime?
False
Is 1046953 a prime number?
False
Is 1583875199 composite?
False
Is 13019621 a prime number?
False
Is 2289233 a prime number?
True
Is 5036827 a composite number?
True
Is 116414929 a prime number?
False
Is 14737061 a composite number?
False
Is 27330451 composite?
True
Is 1979891 prime?
True
Is 5076343 prime?
False
Is 19183371 a composite number?
True
Is 16654273 prime?
True
Is 128684219 prime?
True
Is 139347749 composite?
False
Is 16447157 composite?
False
Is 1336847 a composite number?
True
Is 3925303 composite?
True
Is 6135419 a composite number?
True
Is 1439311 prime?
False
Is 1259389 a composite number?
False
Is 182882041 prime?
True
Is 2668769 composite?
False
Is 67278643 a prime number?
False
Is 137243513 a composite number?
True
Is 37526569 prime?
True
Is 1278335 a composite number?
True
Is 50768891 a composite number?
False
Is 4537867 prime?
False
Is 16362719 a composite number?
False
Is 3073601 prime?
False
Is 17533037 a composite number?
False
Is 3930037 prime?
True
Is 5379749 a composite number?
False
Is 152260715 prime?
False
Is 3088987 prime?
False
Is 1348229 composite?
True
Is 7041967 a prime number?
True
Is 45617665 composite?
True
Is 93202091 composite?
True
Is 2574709 composite?
True
Is 15727879 a prime number?
True
Is 4058623 a composite number?
True
Is 5031251 a composite number?
False
Is 8189663 prime?
True
Is 98030069 a composite number?
False
Is 29469023 a composite number?
False
Is 161358499 prime?
False
Is 63490081 prime?
False
Is 424283 a composite number?
True
Is 10969923 a composite number?
True
Is 121443853 a composite number?
False
Is 6705877 prime?
False
Is 3832783 composite?
False
Is 11429617 a composite number?
False
Is 2235353 composite?
False
Is 3025619 a composite number?
False
Is 15405317 prime?
True
Is 697687 prime?
True
Is 20375819 prime?
True
Is 3697403 prime?
True
Is 27582779 a prime number?
False
Is 1353505 composite?
True
Is 1944337 a composite number?
True
Is 1198753 a prime number?
False
Is 6484523 prime?
False
Is 151787173 a prime number?
True
Is 2963299 composite?
False
Is 604088297 composite?
False
Is 59957081 a prime number?
False
Is 705691